{"version":"1.0","provider_name":"Fer Abrajan","provider_url":"https:\/\/ferabrajan.com\/portal","author_name":"admin","author_url":"https:\/\/ferabrajan.com\/portal\/author\/admin\/","title":"Buscan aplazar audiencia de Garc\u00eda Luna - Fer Abrajan","type":"rich","width":600,"height":338,"html":"<blockquote class=\"wp-embedded-content\" data-secret=\"HCJZ10bKop\"><a href=\"https:\/\/ferabrajan.com\/portal\/2020\/12\/05\/buscan-aplazar-audiencia-de-garcia-luna\/\">Buscan aplazar audiencia de Garc\u00eda Luna<\/a><\/blockquote><iframe sandbox=\"allow-scripts\" security=\"restricted\" src=\"https:\/\/ferabrajan.com\/portal\/2020\/12\/05\/buscan-aplazar-audiencia-de-garcia-luna\/embed\/#?secret=HCJZ10bKop\" width=\"600\" height=\"338\" title=\"\u00abBuscan aplazar audiencia de Garc\u00eda Luna\u00bb \u2014 Fer Abrajan\" data-secret=\"HCJZ10bKop\" frameborder=\"0\" marginwidth=\"0\" marginheight=\"0\" scrolling=\"no\" class=\"wp-embedded-content\"><\/iframe><script>\n\/*! This file is auto-generated *\/\n!function(d,l){\"use strict\";l.querySelector&&d.addEventListener&&\"undefined\"!=typeof URL&&(d.wp=d.wp||{},d.wp.receiveEmbedMessage||(d.wp.receiveEmbedMessage=function(e){var t=e.data;if((t||t.secret||t.message||t.value)&&!\/[^a-zA-Z0-9]\/.test(t.secret)){for(var s,r,n,a=l.querySelectorAll('iframe[data-secret=\"'+t.secret+'\"]'),o=l.querySelectorAll('blockquote[data-secret=\"'+t.secret+'\"]'),c=new RegExp(\"^https?:$\",\"i\"),i=0;i<o.length;i++)o[i].style.display=\"none\";for(i=0;i<a.length;i++)s=a[i],e.source===s.contentWindow&&(s.removeAttribute(\"style\"),\"height\"===t.message?(1e3<(r=parseInt(t.value,10))?r=1e3:~~r<200&&(r=200),s.height=r):\"link\"===t.message&&(r=new URL(s.getAttribute(\"src\")),n=new URL(t.value),c.test(n.protocol))&&n.host===r.host&&l.activeElement===s&&(d.top.location.href=t.value))}},d.addEventListener(\"message\",d.wp.receiveEmbedMessage,!1),l.addEventListener(\"DOMContentLoaded\",function(){for(var e,t,s=l.querySelectorAll(\"iframe.wp-embedded-content\"),r=0;r<s.length;r++)(t=(e=s[r]).getAttribute(\"data-secret\"))||(t=Math.random().toString(36).substring(2,12),e.src+=\"#?secret=\"+t,e.setAttribute(\"data-secret\",t)),e.contentWindow.postMessage({message:\"ready\",secret:t},\"*\")},!1)))}(window,document);\n\/\/# sourceURL=https:\/\/ferabrajan.com\/portal\/wp-includes\/js\/wp-embed.min.js\n<\/script>\n","description":"Un nuevo documento en el caso de Genaro Garc\u00eda Luna, exsecretario de Seguridad P\u00fablica, adelanta que en la videoaudiencia del pr\u00f3ximo lunes se va a pedir que se aplace 60 d\u00edas la siguiente deliberaci\u00f3n de cargos. Garc\u00eda Luna debe regresar a la Corte federal en Brooklyn, Nueva York, el lunes. La audiencia est\u00e1 programada a las 9:00 (hora local), 8:00 en la Ciudad de M\u00e9xico. Se menciona que el gobierno sigue juntando y revisando pruebas. \u201cHasta la fecha, el gobierno ha producido m\u00e1s de 955 mil p\u00e1ginas de documentos, as\u00ed como voluminosas comunicaciones interceptadas\u201d. Garc\u00eda Luna est\u00e1 acusado por cinco cargos, entre ellos, el de participar en un proyecto criminal continuado y el de conspiraci\u00f3n para la importaci\u00f3n de coca\u00edna. Garc\u00eda Luna fue arrestado en diciembre en Dallas, Texas, y posteriormente trasladado a Nueva York, donde radica la acusaci\u00f3n en su contra. Estados Unidos se\u00f1ala que \u00e9l acept\u00f3 sobornos de Joaqu\u00edn El Chapo Guzm\u00e1n mientras desempe\u00f1aba como secretario. Publicaci\u00f3n Original: https:\/\/www.eluniversal.com.mx\/nacion\/buscan-aplazar-audiencia-de-garcia-luna"}

Buscan aplazar audiencia de García Luna - Fer Abrajan

<blockquote class="wp-embedded-content" data-secret="HCJZ10bKop"><a href="https://ferabrajan.com/portal/2020/12/05/buscan-aplazar-audiencia-de-garcia-luna/">Buscan aplazar audiencia de García Luna</a></blockquote><iframe sandbox="allow-scripts" security="restricted" src="https://ferabrajan.com/portal/2020/12/05/buscan-aplazar-audiencia-de-garcia-luna/embed/#?secret=HCJZ10bKop" width="600" height="338" title="«Buscan aplazar audiencia de García Luna» — Fer Abrajan" data-secret="HCJZ10bKop" frameborder="0" marginwidth="0" marginheight="0" scrolling="no" class="wp-embedded-content"></iframe><script>
/*! This file is auto-generated */
!function(d,l){"use strict";l.querySelector&&d.addEventListener&&"undefined"!=typeof URL&&(d.wp=d.wp||{},d.wp.receiveEmbedMessage||(d.wp.receiveEmbedMessage=function(e){var t=e.data;if((t||t.secret||t.message||t.value)&&!/[^a-zA-Z0-9]/.test(t.secret)){for(var s,r,n,a=l.querySelectorAll('iframe[data-secret="'+t.secret+'"]'),o=l.querySelectorAll('blockquote[data-secret="'+t.secret+'"]'),c=new RegExp("^https?:$","i"),i=0;i<o.length;i++)o[i].style.display="none";for(i=0;i<a.length;i++)s=a[i],e.source===s.contentWindow&&(s.removeAttribute("style"),"height"===t.message?(1e3<(r=parseInt(t.value,10))?r=1e3:~~r<200&&(r=200),s.height=r):"link"===t.message&&(r=new URL(s.getAttribute("src")),n=new URL(t.value),c.test(n.protocol))&&n.host===r.host&&l.activeElement===s&&(d.top.location.href=t.value))}},d.addEventListener("message",d.wp.receiveEmbedMessage,!1),l.addEventListener("DOMContentLoaded",function(){for(var e,t,s=l.querySelectorAll("iframe.wp-embedded-content"),r=0;r<s.length;r++)(t=(e=s[r]).getAttribute("data-secret"))||(t=Math.random().toString(36).substring(2,12),e.src+="#?secret="+t,e.setAttribute("data-secret",t)),e.contentWindow.postMessage({message:"ready",secret:t},"*")},!1)))}(window,document);
//# sourceURL=https://ferabrajan.com/portal/wp-includes/js/wp-embed.min.js
</script>

Un nuevo documento en el caso de Genaro García Luna, exsecretario de Seguridad Pública, adelanta que en la videoaudiencia del próximo lunes se va a pedir que se aplace 60 días la siguiente deliberación de cargos. García Luna debe regresar a la Corte federal en Brooklyn, Nueva York, el lunes. La audiencia está programada a las 9:00 (hora local), 8:00 en la Ciudad de México. Se menciona que el gobierno sigue juntando y revisando pruebas. “Hasta la fecha, el gobierno ha producido más de 955 mil páginas de documentos, así como voluminosas comunicaciones interceptadas”. García Luna está acusado por cinco cargos, entre ellos, el de participar en un proyecto criminal continuado y el de conspiración para la importación de cocaína. García Luna fue arrestado en diciembre en Dallas, Texas, y posteriormente trasladado a Nueva York, donde radica la acusación en su contra. Estados Unidos señala que él aceptó sobornos de Joaquín El Chapo Guzmán mientras desempeñaba como secretario. Publicación Original: https://www.eluniversal.com.mx/nacion/buscan-aplazar-audiencia-de-garcia-luna
